29 a factor of 128474?
False
Is 1152716 a multiple of 46?
False
Is 46 a factor of 9795098?
False
Does 14 divide 3008718?
False
Is 72 a factor of 102902?
False
Is 4 a factor of 139152?
True
Is 203 a factor of 418575?
False
Is 3780 a multiple of 17?
False
Is 332764 a multiple of 450?
False
Is 360047 a multiple of 65?
False
Is 154 a factor of 84718?
False
Does 12 divide 62551?
False
Is 339 a factor of 533125?
False
Is 75023 a multiple of 13?
True
Is 20 a factor of 221620?
True
Is 91575 a multiple of 99?
True
Is 86037 a multiple of 21?
True
Is 338 a factor of 9640086?
False
Is 64748 a multiple of 6?
False
Does 126 divide 340813?
False
Does 4 divide 671268?
True
Is 213034 a multiple of 58?
True
Is 503040 a multiple of 20?
True
Is 3 a factor of 108738?
True
Is 27 a factor of 7894509?
False
Is 130175 a multiple of 5?
True
Is 9 a factor of 2245122?
True
Is 26544 a multiple of 237?
True
Is 1453915 a multiple of 145?
True
Is 3 a factor of 133965?
True
Is 6 a factor of 4598796?
True
Does 202 divide 4890420?
True
Is 1348917 even?
False
Does 91 divide 1614403?
False
Is 202098 a multiple of 6?
True
Is 114 a factor of 20991276?
True
Is 168 a factor of 126074?
False
Is 1909899 a multiple of 9?
True
Does 7 divide 42231?
True
Is 748065 even?
False
Does 396 divide 755172?
True
Does 1374 divide 9935819?
False
Does 13 divide 6831695?
True
Is 275379 a multiple of 3?
True
Does 52 divide 75518?
False
Is 1435803 a multiple of 599?
True
Is 34 a factor of 9994568?
False
Is 257 a factor of 792510?
False
Is 132090 a multiple of 250?
False
Is 5640 a multiple of 26?
False
Does 18 divide 817290?
True
Is 290460 a multiple of 564?
True
Is 685845 a multiple of 15?
True
Does 315 divide 497385?
True
Does 36 divide 8953410?
False
Is 1786275 a multiple of 890?
False
Does 1062 divide 10640178?
True
Does 68 divide 1263508?
True
Does 38 divide 5859410?
True
Is 51 a factor of 205734?
True
Is 536988 a multiple of 9?
False
Does 308 divide 1975?
False
Is 63393 a multiple of 33?
True
Is 20 a factor of 2485640?
True
Is 13 a factor of 267748?
True
Is 8 a factor of 89302?
False
Does 74 divide 1266362?
True
Is 54 a factor of 2609334?
True
Is 424 a factor of 264576?
True
Is 77 a factor of 748077?
False
Is 403700 a multiple of 20?
True
Does 9 divide 2858763?
False
Is 181531 a multiple of 9?
False
Is 2311245 a multiple of 45?
True
Is 14 a factor of 11477396?
True
Is 57 a factor of 117363?
True
Does 59 divide 33217?
True
Is 427 a factor of 273956?
False
Is 77 a factor of 3609837?
True
Does 334 divide 113497?
False
Is 416 a factor of 881504?
True
Does 65 divide 478016?
False
Is 76 a factor of 14736560?
False
Does 397 divide 8337?
True
Does 2 divide 665877?
False
Does 8 divide 363894?
False
Does 34 divide 49693?
False
Does 14 divide 228564?
True
Is 19 a factor of 128304?
False
Does 125 divide 593875?
True
Is 492987 a multiple of 236?
False
Does 834 divide 884874?
True
Is 12 a factor of 350651?
False
Does 3 divide 1225548?
True
Does 14 divide 2130030?
True
Is 408 a factor of 359261?
False
Does 61 divide 102297?
True
Is 433 a factor of 1812105?
True
Does 215 divide 3730684?
False
Does 30 divide 270388?
False
Is 4753700 a multiple of 350?
True
Is 46 a factor of 10240985?
False
Is 76 a factor of 1987628?
True
Does 381 divide 4693158?
True
Is 189650 a multiple of 263?
False
Is 13 a factor of 6396566?
False
Does 98 divide 79576?
True
Does 21 divide 30755?
False
Is 8429262 a multiple of 420?
False
Is 183 a factor of 120688?
False
Is 2164260 a multiple of 70?
True
Is 536641 a multiple of 88?
False
Is 275 a factor of 134475?
True
Does 12 divide 1782543?
False
Does 792 divide 5435496?
True
Is 256244 a multiple of 9?
False
Is 6 a factor of 2364462?
True
Does 5 divide 7444603?
False
Is 22 a factor of 4150325?
False
Is 88 a factor of 3486824?
True
Is 284723 a multiple of 30?
False
Is 132317 a multiple of 20?
False
Is 13 a factor of 427237?
False
Is 12849 a multiple of 21?
False
Is 36 a factor of 1124088?
False
Does 240 divide 504720?
True
Does 31 divide 48577?
True
Is 7 a factor of 7868946?
False
Does 553 divide 211698?
False
Is 6 a factor of 9194273?
False
Is 820531 a multiple of 95?
False
Is 535 a factor of 2662160?
True
Is 2145503 a multiple of 47?
True
Does 7 divide 30034?
False
Does 12 divide 85800?
True
Is 35 a factor of 561890?
True
Is 1663146 a multiple of 11?
False
Is 639800 a multiple of 25?
True
Does 123 divide 49441?
False
Does 4 divide 1628062?
False
Is 60 a factor of 3741?
False
Is 398430 a multiple of 95?
True
Is 363837 a multiple of 23?
True
Does 15 divide 1868460?
True
Is 280 a factor of 206080?
True
Is 1259318 a multiple of 47?
True
Is 572020 a multiple of 37?
True
Is 16 a factor of 1745280?
True
Is 171296 a multiple of 53?
True
Is 2222644 a multiple of 14?
False
Does 614 divide 2674874?
False
Is 4738110 a multiple of 5?
True
Does 50 divide 1201350?
True
Is 18 a factor of 760474?
False
Does 89 divide 860306?
False
Is 7 a factor of 1370348?
True
Is 2 a factor of 343765?
False
Is 719435 a multiple of 156?
False
Is 111678 a multiple of 45?
False
Is 233944 a multiple of 8?
True
Is 418067 a multiple of 21?
False
Is 5 a factor of 5315412?
False
Is 263640 a multiple of 39?
True
Is 16465 a multiple of 7?
False
Does 204 divide 101579?
False
Does 20 divide 1406780?
True
Is 211811 a multiple of 157?
False
Is 8 a factor of 150037?
False
Does 27 divide 296473?
False
Is 22 a factor of 7833760?
True
Does 44 divide 105391?
False
Is 14 a factor of 710747?
False
Is 906635 a multiple of 76?
False
Is 269988 a multiple of 12?
True
Does 297 divide 745437?
False
Is 1191 a factor of 19702713?
True
Is 2 a factor of 269006?
True
Is 2900213 a multiple of 26?
False
Is 17 a factor of 184390?
False
Is 87 a factor of 292654?
False
Does 19 divide 60326?
False
Is 5 a factor of 2214913?
False
Does 179 divide 579423?
True
Is 1135260 a multiple of 119?
True
Is 32 a factor of 274676?
False
Is 4828319 a multiple of 37?
False
Is 151264 a multiple of 2?
True
Does 8 divide 150331?
False
Does 21 divide 90636?
True
Is 9 a factor of 9117?
True
Is 21 a factor of 342447?
True
Is 32411778 a multiple of 37?
True
Does 810 divide 6996780?
True
Is 43069 even?
False
Is 1617824 a multiple of 478?
False
Is 8 a factor of 2456448?
True
Is 62391 a multiple of 7?
True
Is 769 a factor of 3338998?
True
Is 108914 a multiple of 4?
False
Is 12067 a multiple of 174?
False
Is 70 a factor of 1270547?
False
Is 81 a factor of 459850?
False
Is 330405 a multiple of 5?
True
Is 57293 a multiple of 25?
False
Is 8364320 a multiple of 305?
True
Does 20 divide 113060?
True
Does 18 divide 4180518?
True
Does 25 divide 48478?
False
Does 200 divide 858600?
True
Is 768805 a multiple of 41?
False
Does 22 divide 1548800?
True
Does 11 divide 2507703?
True
Is 14 a factor of 110880?
True
Does 2 divide 2438?
True
Does 12 divide 75405?
False
Is 2375859 a multiple of 1117?
True
Is 731 a multiple of 30?
False
Is 240 a factor of 445290?
False
Is 114100 a multiple of 245?
False
Is 78 a factor of 407940?
True
Is 6982340 a multiple of 127?
False
Is 32 a factor of 510438?
False
Is 14 a factor of 56882?
True
Is 1023 a factor of 4018344?
True
Does 127 divide 91694?
True
Does 477 divide 6603111?
True
Does 18 divide 19494?
True
Is 6274030 a multiple of 35?
True
Does 46 divide 2592672?
False
Is 60 a factor of 54819?
False
Is 19 a factor of 1047702?
False
Does 260 divide 423020?
True
Does 21 divide 1490199?
False
Does 12 divide 486053?
False
Does 360 divide 1369800?
True
Does 29 divide 2154874?
True
Is 24 a factor of 61752?
True
Is 9 a factor of 2888488?
False
Is 13 a factor of 72307?
False
Does 57 divide 354243?
False
Is 12 a factor of 29892?
True
Is 888952 a multiple of 302?
False
Is 32 a factor of 255264?
True
Is 997 a factor of 15080622?
True
Is 6747 a multiple of 6?
False
Is 10 a factor of 24707?
False
Is 384 a factor of 458612?
False
Does 43 divide 11809434?
True
Is 33930 a multiple of 377?
True
Is 88362 a multiple of 18?
True
Is 2 a factor of 35024?
True
Is 24 a factor of 748936?
False
Is 373 a factor of 14819663?
True
Is 3796509 even?
False
Is 114 a factor of 218538?
True
Is 56 a factor of 133896?
True
Is 6182835 a multiple of 15?
True
Does 1302 divide 16518374?
False
Is 509 a factor of 366562?
False
Does 201 divide 341999?
False
Does 20 divide 5136420?
True
Is 20 a factor of 2857